What are the prime factors of l?
2, 3, 5
Let o = -39 + 59. Suppose -l = -5*l - o. List the prime factors of -8 + 6 - (l - 0).
3
Suppose 20 = 3*z - 43. What are the prime factors of z?
3, 7
Let h = 0 + -3. Let k = h + 6. What are the prime factors of k?
3
Let h(q) = 48*q**2 + 6*q. What are the prime factors of h(2)?
2, 3, 17
Suppose -l + 3*w + 194 + 57 = 0, 753 = 3*l + w. List the prime factors of l.
251
Let w be 1 - (-4 + -18)/(-2). List the prime factors of 2/w + (-106)/(-5).
3, 7
Suppose -10 = -8*b + 6. List the prime factors of b.
2
Let b(r) = r**3 + 4*r**2 - 2. Let s be b(-4). Let w = s + 6. Suppose 0 = z - 4*i + 10, -w*i = -3*z + i + 5. What are the prime factors of z?
2, 5
Suppose -5*f - 139 = -6*k + 2*k, 26 = k - 3*f. What are the prime factors of k?
41
Let z(d) = -d. Let n(o) = -5. Let t(k) = n(k) + z(k). Let f be t(-5). What are the prime factors of (f + 1)/((-3)/(-15))?
5
Suppose 3*h - 3*c = c + 26, 0 = -4*c - 20. Suppose -k - 6 = -h*k. List the prime factors of 12 - 6*(-3)/k.
3, 5
List the prime factors of (-4 - (-114)/8)*(-24)/(-2).
3, 41
Suppose -q = 4*q - 70. List the prime factors of q.
2, 7
Let v = -25 + 13. Let m = 38 + v. What are the prime factors of m?
2, 13
Let i(x) = -14*x + 5. List the prime factors of i(-3).
47
Suppose -6*a + a - 5 = 5*j, 6 = -5*j - 4*a. List the prime factors of (11*j)/(10/(-15)).
3, 11
Suppose 7*r - 12 = 6*r. What are the prime factors of r?
2, 3
Suppose -3*f - d - 142 = -557, -20 = 4*d. Suppose -4*w + f = 32. List the prime factors of w.
3
Suppose 0 = 6*s - 2*s - 4*v - 48, 22 = 2*s - 4*v. List the prime factors of s.
13
Let s be 14/(-10) + (-6)/(-15). Let u(w) = w**2 + w + 9. Let k(g) = g - 1. Let d(t) = s*u(t) - 5*k(t). List the prime factors of d(-3).
5
What are the prime factors of ((-376)/6)/(22/(-33))?
2, 47
What are the prime factors of -1*(1/(2/8) - 109)?
3, 5, 7
Let s(q) = 10*q + 10. What are the prime factors of s(4)?
2, 5
Let i be (-1)/(-3) - 140/15. Let f = 4 - i. List the prime factors of f.
13
List the prime factors of (-1)/2*-4 - (-20 - 3).
5
Let u(s) = s**3 - 13*s**2 + 7*s + 3. Let d be u(9). What are the prime factors of 11/55 - d/10?
2, 13
Suppose -260 = -5*a + 110. List the prime factors of a.
2, 37
Let n(i) = -40*i - 1. Let t be n(-1). Suppose p - 4 = -5*g + 11, 4*p - g - t = 0. What are the prime factors of p?
2, 5
Let g(v) = 0 - v - 2*v - 2. Let f be g(-2). Suppose 3*l + m - 4 + 0 = 0, 2*m + f = 0. List the prime factors of l.
2
Let t(l) = l - 2. Let b be t(4). Suppose b + 1 = k. Suppose k + 9 = 4*z. List the prime factors of z.
3
List the prime factors of (-6 - 104)/(1/(-2)) - 0.
2, 5, 11
What are the prime factors of ((-54)/12 + 5)/(2/340)?
5, 17
Suppose -2*o - 3*c + 4 = 1, -2*o + 24 = -4*c. Let k be -1 + (o/2)/1. Suppose -14 = -2*p + 4*m, 0*p = k*p - 2*m - 10. What are the prime factors of p?
3
Suppose 4*t + 78 = 7*t. Suppose -z + t = z. What are the prime factors of z?
13
Let o be (0 + -3)/(3/(-10)). Suppose -3*x + 5 = -o. Suppose -1 = -2*a + x. What are the prime factors of a?
3
Suppose -9*v + 22 = -32. List the prime factors of v.
2, 3
Suppose -k = 3*m - 40, m - 10 = 2*k + k. What are the prime factors of m?
13
Suppose 5*h - 5*p = 210, -3*h - h + 170 = -5*p. What are the prime factors of h?
2, 5
Suppose -20 = -5*n, -v + 0*v - 30 = -4*n. Suppose -2*d = 4*t + 2, 5*t + 5 - 13 = -d. Let h = d - v. What are the prime factors of h?
7
Suppose -4*w + 3*w = 28. Let d = 13 - 16. List the prime factors of (d/(-6))/((-2)/w).
7
Suppose -2*t - t + 4*y = -248, -56 = -t - 4*y. What are the prime factors of t?
2, 19
Let q(c) = -c**3 - c**2 + 4. Let a be 0/((-1 + -2)/(-3)). What are the prime factors of q(a)?
2
Suppose 3*t = -55 + 295. List the prime factors of t.
2, 5
Let y = -6 + 6. Suppose -2*a = -z + 11, 2 = 2*a - y. List the prime factors of z.
13
Let s(w) = -w**3 + w**2 + 14*w + 34. List the prime factors of s(-6).
2, 101
Let x = 438 + -268. What are the prime factors of x?
2, 5, 17
Let t(u) be the second derivative of -u**4/12 - u**3 - 3*u**2 + u. Let g be t(-4). Suppose g*l = -2*s + 46, -3*s - 4*l - 3 = -4*s. List the prime factors of s.
19
Let r(k) be the second derivative of k**4/12 + 2*k**3/3 - 7*k**2/2 - k. What are the prime factors of r(-7)?
2, 7
Let m(c) = 70*c - 18. List the prime factors of m(4).
2, 131
Let q = 12 - 13. What are the prime factors of 25 - 1/q*3?
2, 7
Suppose 2*n = 8*n - 150. What are the prime factors of n?
5
What are the prime factors of (-1)/4 - (-13)/4?
3
Let z(x) = x**2 - 5*x + 7. What are the prime factors of z(6)?
13
Let k = -2 + 3. Let o be (k + 1 - 9)/1. List the prime factors of (-26)/(-7) + (-2)/o.
2
Suppose 0*l - l - 4 = 0. Let q(h) = -5*h - 2. List the prime factors of q(l).
2, 3
Suppose 10*s - 195 = 7*s. What are the prime factors of s?
5, 13
Let s = 55 + -33. Let z(f) = -f**2 - 9*f - 10. Let r be z(-7). Suppose -r*b - 2 = -s. List the prime factors of b.
5
Suppose m = y + 28, -2*y - 111 = -4*m + y. List the prime factors of 1/((-51)/m + 2).
3
Let t be ((-4)/(-3))/((-1)/(-3)). Suppose 4*x - 13 + t = c, -4*c + x = 6. List the prime factors of (-2 + 18)*c/(-2).
2
Let v(a) be the first derivative of -9*a**4/2 - 2*a**3/3 - a**2 - a - 8. What are the prime factors of v(-1)?
17
Suppose 5*y - 15 = -5. Suppose -2*w - 2*x + 72 = y*w, -56 = -3*w - 2*x. What are the prime factors of w?
2
Let x(y) = -14*y + 0*y + 0*y. List the prime factors of x(-1).
2, 7
Let z(y) = y**2 + 3*y - 4. Let f be z(-5). Let b = 3 - f. Let s(u) = u**2 + 2*u + 4. List the prime factors of s(b).
7
Suppose 9*a - 300 = -a. What are the prime factors of a?
2, 3, 5
Suppose -5*d + 1 = -3*k, -d + k + 1 = -0. Let q = d + 13. List the prime factors of q.
2, 3
Let r(o) = -o**2 + 10*o + 12. Let q be r(13). Let g = q + 47. What are the prime factors of g?
2, 5
Let m(h) = h**2 + 3*h - 6. Let x be m(-4). Let s = x + 9. What are the prime factors of s?
7
Let g(q) = -q**2 + 6*q - 5. Let t be g(4). Let l = -1 + t. Suppose 0 = -3*r + 31 + l. What are the prime factors of r?
11
Let p = -9 + 15. Let h(x) = x**3 - 6*x**2 + x + 2. List the prime factors of h(p).
2
Let i(g) = g**3 - g - 1. Let m(h) = -2*h + 6. Let y be m(5). Let w(v) = -5*v**3 - 7*v**2 + 2. Let q(n) = y*i(n) - w(n). List the prime factors of q(-6).
2, 7
Suppose 4*w = y - 2*y + 13, -14 = -2*y + 4*w. What are the prime factors of y?
3
Let w(n) = -4*n. Let l be w(-2). Let f(i) = i**3 + 9*i**2 + 8*i. Let c be f(-8). Let q = l - c. List the prime factors of q.
2
Let x(z) = -z**3 - 11*z**2 - 11*z + 10. What are the prime factors of x(-10)?
2, 5
Let n(q) = 2*q**2 - q - q + 13 - 14. Let s be n(5). Suppose -4*u + 13 = -s. List the prime factors of u.
13
List the prime factors of 138 - (-4 + 16/4).
2, 3, 23
Let r(b) be the second derivative of b**5/20 + 5*b**4/12 - b**3/6 - 5*b**2/2 + 3*b. List the prime factors of r(-4).
3, 5
Suppose -4*i - 4 = -5*i. Suppose o - 25 = -i*o, 2*o = 3*q + 1. What are the prime factors of q?
3
Suppose 5*o - 19 = u + 10, -5*o - 4*u = -9. Suppose 3*h - o*c + 0*c - 7 = 0, h - 4*c = -7. List the prime factors of h.
3
Let u(h) = -h + 16. Let q = 1 - -6. What are the prime factors of u(q)?
3
Let b be (-3)/((-9)/(-2))*126. Let v = -39 - b. Suppose 0 = 3*x + 2*x - v. What are the prime factors of x?
3
Let d be 24/11 - (-8)/(-44). Suppose -20 = -d*m - 3*m. What are the prime factors of m?
2
Let y(q) = q**3 + q**2 - q - 1. Let f be y(-1). Suppose 2*k = -2*j - 6, 2*k + f*j = 4*j + 24. What are the prime factors of k?
2
Suppose 0*q + 4*q = 0, -5*g + 4*q = -10. Let n = g + -2. Suppose -4*l + 2*l = -b, -5*b - 5*l + 30 = n. List the prime factors of b.
2
Suppose -5*o + 564 + 246 = 0. List the prime factors of o.
2, 3
Let r(z) = z**3 - z - 9. List the prime factors of r(3).
3, 5
Let s = 28 - 40. Let w be (-2)/(-3) + s/(-9). Suppose -j + w*v = 3, -16 = -2*v - 2*v. List the prime factors of j.
5
Suppose 0 = 3*y - 5*r + 6, y = -2*y - 2*r + 15. What are the prime factors of 16/y + (-8)/24?
5
Let j(b) = -205*b + 16. Let d(o) = -41*o + 3. Let f(w) = 11*d(w) - 2*j(w). List the prime factors of f(-1).
2, 3, 7
Let l(t) = -t + 2. Let a(b) = -b**2 - 6*b - 9. Let m be a(-7). Let k = m - -10. List the prime factors of l(k).
2
Let v be (-16)/6 - 6/(-9). Let z(l) = -26*l**2 - 9*l - 6. Let n(u) = -9*u**2 - 3*u - 2. Let g(k) = 17*n(k) - 6*z(k). W